5
In base 14, what is -1d94740d - -3?
-1d94740a
In base 15, what is -3 - -2e5670?
2e566c
In base 12, what is -339639 + -18?
-339655
In base 16, what is -4efe1f + 61?
-4efdbe
In base 10, what is 5968 - -2282?
8250
In base 11, what is 1572 + -2439?
-977
In base 13, what is 3 - -39791579?
3979157c
In base 11, what is -9335 - 248a?
-10814
In base 5, what is -22004 + 410212?
333203
In base 8, what is -30235310 + 20?
-30235270
In base 6, what is 32133441222 - -1?
32133441223
In base 9, what is -157 + 616222?
616054
In base 4, what is 10231 + 3102322121?
3102333012
In base 12, what is -2 - 28b6b1a1?
-28b6b1a3
In base 12, what is 53a7 + 43?
542a
In base 6, what is -1313543 + 1431?
-1312112
In base 4, what is -13331302220 + 10?
-13331302210
In base 9, what is 52156382 + 4?
52156386
In base 9, what is -202271643 + -1?
-202271644
In base 6, what is -1014 + -14423450?
-14424504
In base 8, what is -10 - 44260505?
-44260515
In base 6, what is -10533 + 424314?
413341
In base 14, what is 85a367 - 8?
85a35d
In base 3, what is -10 - -101012011002?
101012010222
In base 5, what is -1014310432 - -1?
-1014310431
In base 6, what is 4 - 43032221032?
-43032221024
In base 6, what is -24 + 111552022?
111551554
In base 9, what is -3 + -1061670?
-1061673
In base 3, what is -202121 - 2101010100?
-2101212221
In base 5, what is 40 + 142202001?
142202041
In base 14, what is 15 + 16b6a?
16b81
In base 14, what is -2 - 1151c2?
-1151c4
In base 8, what is -505554 - 22?
-505576
In base 11, what is 95 - -647514?
6475a9
In base 14, what is -694dc22 - -a?
-694dc16
In base 3, what is 2010 - 1000100220220?
-1000100211210
In base 15, what is 3188563 - -4?
3188567
In base 3, what is -21 - -121000101101112?
121000101101021
In base 15, what is 117cce71 + 2?
117cce73
In base 13, what is -838b1 - -18?
-83896
In base 8, what is 32631 - 644?
31765
In base 15, what is -6 - -3ea6c2b?
3ea6c25
In base 14, what is -8 + -405205?
-40520d
In base 8, what is -2 + 61467037?
61467035
In base 16, what is -b8 - -3c62?
3baa
In base 15, what is -2ca5a - 48?
-2caa3
In base 15, what is ded11b - 1?
ded11a
In base 12, what is 390012 - -4?
390016
In base 9, what is 0 - 66246011?
-66246011
In base 13, what is 5a21882c - 2?
5a21882a
In base 10, what is 900754855 - -2?
900754857
In base 13, what is cb22 + -76?
ca79
In base 3, what is 111211001 + -120111?
111020120
In base 12, what is -27abb1 - 3a?
-27b02b
In base 10, what is -85675 + 24?
-85651
In base 13, what is -4 - 158ca57?
-158ca5b
In base 7, what is -13052 - 10466?
-23551
In base 7, what is 0 + -125152216?
-125152216
In base 5, what is 104342312302 + -20?
104342312232
In base 2, what is -1000101101000011010 + -1011011111110?
-1000111000100011000
In base 16, what is fc2e + -2a?
fc04
In base 8, what is 6664 + -63177?
-54313
In base 5, what is 200 - -1421144334?
1421200034
In base 9, what is 50347547 - 2?
50347545
In base 15, what is d69ed - -3?
d6a01
In base 11, what is 265aa6 + -15?
265a91
In base 3, what is 100221222 + -221022?
100000200
In base 11, what is -20 + 7a1045?
7a1025
In base 7, what is -406 + -31036344?
-31040053
In base 4, what is 3 - 121311303111013?
-121311303111010
In base 13, what is -38041 - 734?
-38775
In base 5, what is 1113 + -321243?
-320130
In base 3, what is -1021 + -221212002?
-221220100
In base 7, what is -132134 + 1034?
-131100
In base 8, what is -2 - -527413574?
527413572
In base 12, what is -b4 - -331764?
331670
In base 12, what is a61b0 - a?
a61a2
In base 8, what is 1260 - -1377363?
1400643
In base 9, what is -5 - -4536560?
4536554
In base 4, what is -1 + -102023030033?
-102023030100
In base 8, what is 3324556620 + -1?
3324556617
In base 15, what is 321 - 3b4e?
-382d
In base 2, what is 100111111100100110 + -10011111?
100111111010000111
In base 6, what is 403011 + 11231?
414242
In base 3, what is -1110110 - -1112220110?
1111110000
In base 7, what is -2 - 506612424?
-506612426
In base 4, what is 32110000130 + 113?
32110000303
In base 6, what is 23 - -114135553?
114140020
In base 14, what is -20213a + -1b?
-202157
In base 5, what is -121244 - 423130?
-1044424
In base 2, what is -100000 + -111001101101100010?
-111001101110000010
In base 9, what is 264473886 - 1?
264473885
In base 7, what is 5 - -335254211?
335254216
In base 13, what is 72c51 - -61?
72cb2
In base 7, what is 1163600 - 133?
1163434
In base 4, what is -102223 + -11221031?
-11323320
In base 11, what is -149915 - 274?
-14a089
In base 11, what is -3 + -1a791a31?
-1a791a34
In base 2, what is 1010101011111001011001110 - -110110?
1010101011111001100000100
In base 6, what is -1532332153 + -12?
-1532332205
In base 11, what is -581 + 43803?
43232
In base 16, what is -a - 92ec5?
-92ecf
In base 16, what is -2db - -104221?
103f46
In base 2, what is -100110000011011011010101010 - -10?
-100110000011011011010101000
In base 13, what is 92c2c61 - b?
92c2c53
In base 14, what is 172608616 + -4?
172608612
In base 14, what is -2 - -198334?
198332
In base 8, what is 322 + -703017?
-702475
In base 5, what is 14 + 1200210014?
1200210033
In base 4, what is 1 + 1321312132133?
1321312132200
In base 6, what is 4 - -350340133?
350340141
In base 9, what is 11387013 - 31?
11386872
In base 5, what is 31001113313 + 4?
31001113322
In base 4, what is -203321231 + 3133?
-203312032
In base 6, what is 1 + 100205224?
100205225
In base 15, what is b2d + 1445?
2073
In base 14, what is -1 + 93cd89?
93cd88
In base 7, what is -3 - -205234145?
205234142
In base 8, what is -3557 + -10005?
-13564
In base 16, what is 6609a + 31?
660cb
In base 11, what is aa5 - -75860?
76855
In base 2, what is 110001110100111101101 + -110111100?
110001110100000110001
In base 12, what is -62 + -177b0?
-17852
In base 15, what is 4 - -867799c?
86779a1
In base 15, what is 1e3 + 22b8?
24ab
In base 10, what is -107 - -703066?
702959
In base 7, what is -203 - -26155?
25652
In base 12, what is -2 - -948068?
948066
In base 13, what is b3b87 + 37c?
b4236
In base 8, what is 11 + 142263627?
142263640
In base 5, what is 24442100234 - -4?
24442100243
In base 4, what is 13 + -222202312211?
-222202312132
In base 2, what is 100000 - -111001011010111010001?
111001011010111110001
In base 13, what is 45 - 51c28?
-51bb3
In base 12, what is -1b + 203980?
203961
In base 5, what is 102 - -3030140?
3030242
In base 7, what is -426425 - -546?
-425546
In base 15, what is -2dca - 327?
-3202
In base 15, what is -47d64 - ce?
-47e43
In base 4, what is 1013022023113 + 11?
1013022023130
In base 15, what is -196b + -22987?
-24403
In base 5, what is 42004220 + -24?
42004141
In base 6, what is -5 - 353355210?
-353355215
In base 8, what is -1 - 3420555307?
-3420555310
In base 11, what is -400a07 + 76?
-400941
In base 8, what is 165314 + -234?
165060
In base 11, what is 465130 - 102?
465029
In base 2, what is 1110110100100011010111 + -1100110?
1110110100100001110001
In base 15, what is 46ce - 550?
417e
In base 16, what is f48 - -19e56?
1ad9e
In base 9, what is 168826 - -371?
170307
In base 10, what is -92 + 140261?
140169
In base 14, what is -118 - -391057?
390d3d
In base 6, what is 103134 - 4350033?
-4242455
In base 8, what is 415320067 + -11?
415320056
In base 11, what is 3 + 763a770?
763a773
In base 13, what is -6 - -246a4301?
246a42c8
In base 9, what is -6543145321 - 4?
-6543145325
In base 7, what is -36 - 112535062?
-112535131
In base 7, what is 565225 - 1323?
563602
In base 16, what is -f6f5e + 0?
-f6f5e
In base 11, what is -3 - 8316924?
-8316927
In base 6, what is 11222211 + -425?
11221342
In base 11, what is -3 - 3a7160?
-3a7163
In base 13, what is -43 - 481839?
-48187c
In base 16, what is -2 - -dde1ea9?
dde1ea7
In base 12, what is 3254837 - 2?
3254835
In base 12, what is -8210216 - 2?
-8210218
In base 6, what is -102151113 - -11?
-102151102
In base 4, what is -10203 - -31323021?
31312212
In base 16, what is -93d4 + -447?
-981b
In base 7, what is -410 - 11400463?
-11401203
In base 7, what is -1 + 3151555343?
3151555342
In base 13, what is 14b5 - -133?
1618
In base 6, what is 4130354 - -121?
4130515
In base 3, what is 120010112022 + 20112?
120010202211
In base 4, what is -1001301112 + 10333?
-1001230113
In base 16, what is -e5c1a + -14?
-e5c2e
In base 5, what is 313042 - 121401?
141141
In base 4, what is 10 - -332012121331?
332012122001
In base 13, what is -6418826